d - u, 3*u + 4 = -5*d. Let z = 1 + 4. Calculate the remainder when z is divided by ((-18)/(-3) + d)/2.
1
Let j = -8 - -1. Let k(s) = -s + 1. Let n(g) = g**2 + 11*g + 2. Let v(t) = -2*k(t) - n(t). Calculate the remainder when 18 is divided by v(j).
8
Suppose -4*b + 96 = -5*z, b + 0*z + 2*z = 11. Calculate the remainder when b is divided by (-22)/(1/(3/(-6))).
8
Let u be 30/(-18) - 2/(-3). What is the remainder when (-51)/u*1/3 is divided by 9?
8
What is the remainder when 30 is divided by 0/(-3) - -6 - -2?
6
Let t(u) = -2*u + 5. Let f be t(5). Let a = f + 28. What is the remainder when a is divided by 12?
11
Let f(j) = j + 4. Let h be f(4). Let l = 11 - h. What is the remainder when (-3)/(-15) + (-102)/(-15) is divided by l?
1
Suppose 0 = 4*c + h - 68, -c - h + 6 + 14 = 0. What is the remainder when 63 is divided by c?
15
Let w(c) = -2*c - 8. Let d be w(4). Let j = d + 32. Calculate the remainder when 46 is divided by j.
14
Suppose 4*z + 8 = -4*n, -3*n + 2*z + 9 = -5. Suppose 0 = -3*j + 3*s + 78, n*j + s - 49 = 2*s. Calculate the remainder when j is divided by 12.
11
Let s(q) = q + 1. Let x(d) = -2*d - 3. Let g(f) = -3*s(f) - x(f). Let u be g(-1). What is the remainder when 48/(-15)*-5*u is divided by 6?
4
Let k = -18 + 42. Let c = k - 12. Calculate the remainder when 22 is divided by c.
10
Let i = -62 + 104. What is the remainder when i is divided by 17?
8
Suppose 2*g + 3 - 7 = 0. What is the remainder when 3 is divided by g?
1
Let h(a) = -3*a + 12. Suppose 0 = 2*u - 7*u - 1050. What is the remainder when u/(-27) + (-4)/(-18) is divided by h(3)?
2
Let y = 0 + 0. Calculate the remainder when 28 is divided by 1 + 15 - (1 + y).
13
Let s = -4 - -10. Let c(b) = -2*b + 2. Let p(u) = -u - 1. Let k(t) = c(t) + 2*p(t). What is the remainder when s is divided by k(-1)?
2
Let s be 8/(-12) + (-196)/(-6). Let v = -32 + 54. What is the remainder when v is divided by (s/(-12)*-3)/1?
6
Suppose -5*n + 3*h = 2*h - 8, -4*n - 2*h = 2. What is the remainder when -2*(-1)/(1 + 1) is divided by n?
0
Let b = 144 - 53. Let i = b + -53. Calculate the remainder when i is divided by 10.
8
Calculate the remainder when 52 is divided by -1*(-4)/((-8)/(-18)).
7
Suppose 4*b - 172 = -0*b. What is the remainder when b is divided by 15?
13
Suppose 2*w = -24 + 2. Let h = w + 20. What is the remainder when h is divided by 4?
1
Let x = -21 + 32. Let t = 95 - 64. What is the remainder when t is divided by x?
9
Suppose -5*v - 5*f = -395, f + 2*f = 3*v - 261. Calculate the remainder when v is divided by 21.
20
Suppose 0 = o - 2, -4*o + 16 = -2*d + 4*d. Calculate the remainder when -3 + -6*12/(-8) is divided by d.
2
Let l = 8 + -6. Let s(w) = -w**3 + 7*w**2 - 3*w + 22. Let o be s(7). Suppose -l*k = -31 - o. What is the remainder when 45 is divided by k?
13
Suppose 0 = -3*g + 2*x - 3, -2*x + 15 = 3*x. Let a be (-7 - g)*(-4 + 5). What is the remainder when 49 is divided by a*(-4 + 2) + 1?
15
Let t(h) = -61*h. Let k(a) = a**2 - 4*a. Let r(j) = -j**3 - 3. Let o be r(0). Calculate the remainder when t(-1) is divided by k(o).
19
Let u(x) = x**3 - x**2 - x + 1. What is the remainder when 47 is divided by u(3)?
15
Let h(m) = m**2 + 12*m + 18. Calculate the remainder when h(-12) is divided by 5.
3
Let u be 5*(-1 + (-24)/(-15)). Suppose -3*p + y = -20, -44 = -5*p - y - 0*y. Suppose u*l + 30 = p*l. What is the remainder when l is divided by 4?
2
Let f(t) = 2*t**2 - 7*t - 2. Let q be -3*(3 + 51/9). Calculate the remainder when 0 + -2 - (-1 + q) is divided by f(5).
12
Let t(i) = -7*i**2 + i. Let n be t(2). Let b = 52 + n. Suppose 6*k - 15*k + 684 = 0. Calculate the remainder when k is divided by b.
24
Suppose -3 - 13 = -v. What is the remainder when 141 is divided by v?
13
Calculate the remainder when 54 is divided by (471/15 - 2) + 4/(-10).
25
Suppose -3*q + 4 = -2*r, -5*r + 4*q = -1 - 3. Suppose h = 4*j - 77, j = r*j + 4*h - 34. Calculate the remainder when (1*17)/((-4)/(-8)) is divided by j.
16
Let a(u) = 15 + 3*u**2 - u**2 - u**2. Calculate the remainder when 43 is divided by a(0).
13
Let d = 10 + -6. Let q(n) = 6*n - 2. Calculate the remainder when q(d) is divided by 6/(-2 - (-22)/8).
6
Let m = 3 - 18. Let s = m + 28. Let w = -55 - -92. What is the remainder when w is divided by s?
11
Let w = 86 + 150. Calculate the remainder when w is divided by 60.
56
Let o(h) = 1 + 2*h + 2*h**3 - 2*h**2 + 0*h - 2*h**3 + 2*h**3. What is the remainder when o(2) is divided by 5?
3
Let q(a) = 4*a**2 - 59*a + 9. What is the remainder when q(15) is divided by 13?
11
Let n(l) = l**2 - 3*l + 6. Suppose 3*p = -3*a + 57, 4*a - 66 = -p + 2*p. What is the remainder when a is divided by n(4)?
7
Suppose -5*h + 3*d = -27, -3*h = -6*h + d + 17. Calculate the remainder when h is divided by (-1)/(1/(-4) - 0).
2
Suppose -2*r - 1 = -9. Suppose 0 = t - 2*t + r. Suppose 0 = -t*y + y + 39. What is the remainder when y is divided by 5?
3
What is the remainder when 55 is divided by (-6 + 0)/(9/(-24))?
7
Let v(k) be the third derivative of -k**5/60 - k**4/24 + 17*k**3/3 + k**2. Calculate the remainder when v(0) is divided by 12.
10
Suppose -12 = -3*o, -2*j + 4*o + 20 = -4. Calculate the remainder when 71 is divided by j.
11
Suppose 5*b - f - f = 20, -5*b = 3*f - 20. Calculate the remainder when 15/2*(-8)/(-6) is divided by b.
2
Let v be 3/(-3) - (-5 + 3). Suppose 3*m - v + 5 = h, -5*m = h - 20. What is the remainder when 19 is divided by h?
9
Suppose 3*v - 5*v = 0. Suppose -3*t + 5*x = 2*t - 55, v = -5*t + 3*x + 51. Calculate the remainder when -5*t*(-2)/5 is divided by 10.
8
Suppose 3*z - 4 + 12 = 4*i, 2*z - 4*i = -12. Suppose 66 = 5*n - z. What is the remainder when n is divided by 8?
6
Let d be (-4)/10 - (-201)/15. Let v = -3 + d. Suppose -3*i = -4*x + i + 88, -x = 3*i - 10. Calculate the remainder when x is divided by v.
9
Suppose -5*n = -4*s - 0*s + 105, 3*n - 3*s = -60. Let c = n - -46. Calculate the remainder when c is divided by 6.
3
Suppose y - 9 = -b, 35 = -y + 5*y + 3*b. What is the remainder when 23 is divided by y?
7
Suppose 3*v + 148 = 7*v. What is the remainder when v is divided by 2/13 + (-256)/(-26)?
7
Let k = -15 - -30. Calculate the remainder when 74 is divided by k.
14
Suppose -156 = -5*c + 2*c. Let t be (3/4)/((-1)/(-4)). Suppose y + 5*i = 8, 4*y - t*i + 66 = 8*y. What is the remainder when c is divided by y?
16
Suppose 0 = 4*r + 4*t - 56, 0 = 5*r + 2*t + 2*t - 71. Suppose -q + 4 + 1 = z, -6 = 3*q - 4*z. What is the remainder when 3/(q + r/(-12)) is divided by 2?
0
Let k = -134 - -145. What is the remainder when 173 is divided by k?
8
Let r(i) = -i**2 + 13. What is the remainder when 37 is divided by r(0)?
11
Let m(u) = u. Let o be m(0). Suppose 0 = b - 3*n + 2 - 3, o = -5*b + 4*n + 16. What is the remainder when (0 + 2/b)*46 is divided by 13?
10
Suppose 0 = 5*s + 3*m - 234, 11 = 3*m + 2. Suppose -2*w - 13 = -s. Calculate the remainder when 47 is divided by w.
15
Suppose -2*r + 524 = 2*m, -r = 3*m - 46 - 224. Calculate the remainder when r is divided by 9.
6
Let p(l) = -l**3 + 7*l**2 - 7*l - 8. Let o be p(6). Let k = o + 21. Suppose -19 = -2*h - k. Calculate the remainder when 17 is divided by h.
5
Let m(i) = -4*i - 8. Suppose 3*o + 1 = 10. Calculate the remainder when m(-6) is divided by o*2/2 + 3.
4
Let z(n) = -5*n - 23. What is the remainder when 124 is divided by z(-13)?
40
Suppose -k + 10 = k. Calculate the remainder when 18 is divided by k.
3
Let f = -14 + 12. What is the remainder when 12 is divided by f - (0 - -2) - -9?
2
Suppose -2*m - 2*m = p - 23, 4*p - 20 = -4*m. Let o be 15/(-10)*1*m. Let x(v) = -v**3 - 10*v**2 - 11*v - 8. Calculate the remainder when x(o) is divided by 3.
1
Let k = 22 + -4. Calculate the remainder when 52 is divided by k.
16
What is the remainder when 21 is divided by -4 - -18 - (-3 + 5)?
9
Let g = 68 + -66. Calculate the remainder when 8 is divided by g.
0
Let a(x) be the third derivative of -5*x**4/8 - x**3/6 + 3*x**2. Let i be a(-2). Let v = -16 + i. Calculate the remainder when v is divided by 5.
3
Let d = -27 - -125. What is the remainder when d is divided by 25?
23
Let z be (8 - 2)/(3/3). Suppose h - z = -h. Calculate the remainder when 6 is divided by h.
0
Suppose 15 = v + 4*r, 3*r - 2*r = -v + 12. Calculate the remainder when 21 is divided by v.
10
Let j be (-152)/(-3) 